e highest common divisor of 91 and 24651497.
13
Calculate the greatest common divisor of 149972850 and 675.
675
What is the highest common divisor of 52551 and 2763?
9
Calculate the highest common divisor of 840233 and 851.
37
Calculate the highest common factor of 75504 and 2243824.
1936
Calculate the highest common divisor of 140 and 66860780.
140
What is the greatest common divisor of 2755 and 9922503?
19
What is the greatest common divisor of 5038 and 514394914?
5038
Calculate the highest common divisor of 65200 and 9679592.
1304
Calculate the greatest common divisor of 29274 and 18188334.
102
What is the greatest common divisor of 12732 and 121758238?
2122
Calculate the greatest common divisor of 73507125 and 750.
375
What is the greatest common factor of 1642305 and 49?
7
Calculate the greatest common divisor of 84 and 1565984.
28
Calculate the greatest common factor of 21834596 and 2597.
49
What is the highest common divisor of 77980204 and 488?
244
What is the highest common factor of 2160 and 5246160?
240
Calculate the greatest common factor of 237022041 and 237.
237
What is the greatest common factor of 5488 and 464216?
8
Calculate the highest common divisor of 276 and 27331268.
92
What is the greatest common factor of 19040 and 46954?
34
Calculate the highest common factor of 6852 and 3728630.
1142
Calculate the greatest common divisor of 58133669 and 11.
11
Calculate the highest common divisor of 119 and 4241687.
17
What is the greatest common factor of 13310762 and 1156?
578
Calculate the highest common divisor of 421625696 and 288.
32
Calculate the highest common divisor of 4175897 and 326.
163
Calculate the highest common divisor of 65 and 530665.
5
Calculate the highest common divisor of 2214969 and 483.
69
Calculate the highest common divisor of 3569 and 405704.
83
What is the greatest common divisor of 1438457052 and 59?
59
What is the greatest common factor of 21 and 296256548?
7
What is the highest common factor of 3333 and 5188590?
33
What is the greatest common factor of 9824 and 2936148?
1228
What is the highest common divisor of 818 and 6963634?
818
Calculate the greatest common divisor of 371422360 and 16.
8
Calculate the greatest common divisor of 237 and 9303277.
79
Calculate the greatest common factor of 1701774888 and 48.
24
What is the highest common divisor of 128098115 and 4755?
1585
What is the highest common divisor of 653 and 559291?
1
What is the highest common factor of 82642749 and 345?
69
What is the greatest common divisor of 210 and 155183560?
70
What is the highest common divisor of 625261 and 29263?
13
Calculate the highest common factor of 937 and 328604963.
937
What is the greatest common divisor of 1085 and 6686645?
35
Calculate the highest common factor of 1771 and 1430317.
7
What is the highest common factor of 108383 and 47377?
649
What is the highest common divisor of 2827 and 1095097817?
2827
What is the highest common divisor of 238 and 69231361?
17
What is the greatest common divisor of 44280 and 218862?
54
Calculate the highest common divisor of 161960884 and 7352.
3676
What is the greatest common divisor of 4079070 and 9?
9
What is the greatest common divisor of 8624 and 116944?
16
What is the highest common factor of 71461 and 2047513?
3107
Calculate the greatest common factor of 8171115 and 3574128.
11757
What is the greatest common divisor of 768570 and 7106?
374
Calculate the greatest common divisor of 111539184 and 48.
48
What is the highest common divisor of 2485332 and 10540?
2108
Calculate the greatest common factor of 104960 and 182450.
410
What is the highest common divisor of 627 and 4569147?
33
Calculate the greatest common divisor of 8180498 and 8685.
193
Calculate the highest common divisor of 4232361 and 327.
327
Calculate the highest common divisor of 3 and 10972397.
1
Calculate the greatest common factor of 1054 and 339473.
17
Calculate the highest common factor of 82 and 4743454.
82
What is the greatest common divisor of 13920 and 27441888?
2784
What is the greatest common divisor of 7668 and 738400?
284
Calculate the greatest common factor of 25638942 and 3192.
798
What is the highest common divisor of 46396 and 320218564?
6628
What is the highest common factor of 22 and 11217496?
2
What is the greatest common factor of 495892 and 5248?
4
Calculate the greatest common divisor of 10551248 and 48.
16
Calculate the greatest common factor of 4466 and 11008382.
154
What is the greatest common factor of 50920 and 11250774?
2546
What is the highest common divisor of 44025757 and 1182?
197
What is the highest common factor of 2916 and 14257824?
12
What is the greatest common factor of 369947245 and 815?
815
What is the greatest common divisor of 115 and 36216467?
23
What is the greatest common divisor of 1081407 and 1324615?
4343
What is the greatest common factor of 467582 and 26402?
86
What is the greatest common divisor of 285 and 128136?
57
What is the greatest common factor of 63 and 342104553?
63
What is the greatest common divisor of 4024176 and 3354?
78
What is the highest common factor of 138149 and 121011?
209
What is the greatest common divisor of 504127 and 167362?
2041
Calculate the highest common divisor of 25619268 and 36.
12
Calculate the greatest common divisor of 4604 and 111244150.
2302
What is the greatest common factor of 33437306 and 686?
98
What is the greatest common factor of 204 and 1262199?
51
Calculate the highest common factor of 7416 and 26922861.
927
What is the highest common factor of 12149022 and 263?
263
Calculate the highest common divisor of 20929152 and 4608.
384
Calculate the greatest common divisor of 10162785 and 207915.
2505
Calculate the greatest common divisor of 11606979 and 2367.
789
Calculate the highest common divisor of 600471 and 213309.
1233
Calculate the greatest common factor of 14635 and 3026825335.
14635
What is the highest common divisor of 600 and 103677400?
200
Calculate the greatest common factor of 107308 and 29639804.
556
Calculate the greatest common factor of 26734180 and 3425.
685
What is the greatest common divisor of 3263268 and 2004?
12
Calculate the highest common factor of 12247 and 533241.
331
Calculate the greatest common divisor of 7306 and 4572698.
26
Calculate the highest common divisor of 928479 and 33.
3
What is the highest common factor of 25270 and 155657880?
1330
What is the greatest common factor of 2696413579 and 23?
23
What is the highest common divisor of 15863208 and 12?
12
Calculate the greatest common divisor of 46546 and 8908.
34
What is the greatest common factor of 53157 and 2646852?
1833
Calculate the greatest common divisor of 8025801 and 8456.
1057
What is the highest common divisor of 8907592 and 153?
17
Calculate the greatest common factor of 4642 and 76054.
22
What is the greatest common factor of 2896 and 10172924?
724
What is the highest common factor of 68324 and 1940228?
124
Calculate the highest common divisor of 2592 and 8969508.
108
What is the highest common factor of 12 and 3908754?
6
Calculate the greatest common factor of 441 and 85126671.
441
Calculate the highest common divisor of 2108 and 334999144.
2108
What is the highest common factor of 18949461 and 477?
159
Calculate the highest common factor of 263 and 31642319.
263
Calculate the greatest common divisor of 1127105208 and 144.
72
Calculate the greatest common factor of 3960002 and 41354.
1426
What is the highest common factor of 113568 and 17312?
32
Calculate the highest common divisor of 234699810 and 40.
10
Calculate the greatest common divisor of 847172183 and 3993.
1331
Calculate the greatest common factor of 14104 and 96608874.
3526
Calculate the highest common divisor of 177 and 63148703.
59
What is the greatest common divisor of 368012 and 114?
2
Calculate the greatest common factor of 32475 and 253650.
75
What is the highest common factor of 28631928 and 412116?
6756
Calculate the greatest common divisor of 66470 and 3889940.
2890
Calculate the greatest common divisor of 21344 and 4508000.
736
Calculate the greatest common factor of 227 and 15952.
1
What is the greatest common divisor of 11180 and 2145098?
86
What is the highest common factor of 15041 and 5007496?
1157
Calculate the greatest common facto